{"id":14,"date":"2022-01-28T18:23:42","date_gmt":"2022-01-28T17:23:42","guid":{"rendered":"https:\/\/lafermeducoupdepot.fr\/?page_id=14"},"modified":"2023-10-20T14:05:30","modified_gmt":"2023-10-20T12:05:30","slug":"tarifs","status":"publish","type":"page","link":"https:\/\/lafermeducoupdepot.fr\/index.php\/tarifs\/","title":{"rendered":"TARIFS"},"content":{"rendered":"<p>[et_pb_section fb_built=\u00a0\u00bb1&Prime; custom_padding_last_edited=\u00a0\u00bbon|desktop\u00a0\u00bb admin_label=\u00a0\u00bbsection\u00a0\u00bb _builder_version=\u00a0\u00bb4.16&Prime; custom_padding_tablet=\u00a0\u00bb50px|0|50px|0&Prime; custom_padding_phone=\u00a0\u00bb50px|0|50px|0&Prime; transparent_background=\u00a0\u00bboff\u00a0\u00bb padding_mobile=\u00a0\u00bboff\u00a0\u00bb make_fullwidth=\u00a0\u00bboff\u00a0\u00bb use_custom_width=\u00a0\u00bboff\u00a0\u00bb width_unit=\u00a0\u00bboff\u00a0\u00bb custom_width_px=\u00a0\u00bb1080px\u00a0\u00bb custom_width_percent=\u00a0\u00bb80%\u00a0\u00bb global_colors_info=\u00a0\u00bb{}\u00a0\u00bb][et_pb_row padding_mobile=\u00a0\u00bboff\u00a0\u00bb column_padding_mobile=\u00a0\u00bbon\u00a0\u00bb admin_label=\u00a0\u00bbrow\u00a0\u00bb _builder_version=\u00a0\u00bb4.22.0&Prime; background_size=\u00a0\u00bbinitial\u00a0\u00bb background_position=\u00a0\u00bbtop_left\u00a0\u00bb background_repeat=\u00a0\u00bbrepeat\u00a0\u00bb width=\u00a0\u00bb67%\u00a0\u00bb max_width=\u00a0\u00bb67%\u00a0\u00bb make_fullwidth=\u00a0\u00bboff\u00a0\u00bb use_custom_width=\u00a0\u00bbon\u00a0\u00bb width_unit=\u00a0\u00bboff\u00a0\u00bb custom_width_px=\u00a0\u00bb1080px\u00a0\u00bb custom_width_percent=\u00a0\u00bb67%\u00a0\u00bb global_colors_info=\u00a0\u00bb{}\u00a0\u00bb][et_pb_column type=\u00a0\u00bb4_4&Prime; _builder_version=\u00a0\u00bb4.22.0&Prime; custom_padding=\u00a0\u00bb|||\u00a0\u00bb global_colors_info=\u00a0\u00bb{}\u00a0\u00bb custom_padding__hover=\u00a0\u00bb|||\u00a0\u00bb][et_pb_pricing_tables disabled_on=\u00a0\u00bboff|off|off\u00a0\u00bb _builder_version=\u00a0\u00bb4.22.2&Prime; _module_preset=\u00a0\u00bbdefault\u00a0\u00bb price_text_color=\u00a0\u00bb#c8ad7f\u00a0\u00bb body_line_height=\u00a0\u00bb1em\u00a0\u00bb price_font_size=\u00a0\u00bb58px\u00a0\u00bb price_line_height=\u00a0\u00bb67px\u00a0\u00bb hover_enabled=\u00a0\u00bb0&Prime; body_font_size_tablet=\u00a0\u00bb\u00a0\u00bb body_font_size_phone=\u00a0\u00bb6px\u00a0\u00bb body_font_size_last_edited=\u00a0\u00bbon|phone\u00a0\u00bb global_colors_info=\u00a0\u00bb{}\u00a0\u00bb sticky_enabled=\u00a0\u00bb0&Prime;][et_pb_pricing_table title=\u00a0\u00bbTarif Chambre d&rsquo;h\u00f4te\u00a0\u00bb subtitle=\u00a0\u00bbTarif \u00e0 la nuit\u00e9e\u00a0\u00bb sum=\u00a0\u00bb60\u20ac\u00a0\u00bb bullet_color=\u00a0\u00bb#FFFFFF\u00a0\u00bb header_background_color=\u00a0\u00bbrgba(154,205,50,0.62)\u00a0\u00bb _builder_version=\u00a0\u00bb4.22.2&Prime; _module_preset=\u00a0\u00bbdefault\u00a0\u00bb header_font_size=\u00a0\u00bb31px\u00a0\u00bb header_line_height=\u00a0\u00bb2em\u00a0\u00bb body_font_size=\u00a0\u00bb17px\u00a0\u00bb price_font_size=\u00a0\u00bb42px\u00a0\u00bb hover_enabled=\u00a0\u00bb0&Prime; border_width_all=\u00a0\u00bb18px\u00a0\u00bb border_color_all=\u00a0\u00bbrgba(224,192,123,0.55)\u00a0\u00bb border_width_top=\u00a0\u00bb19px\u00a0\u00bb global_colors_info=\u00a0\u00bb{}\u00a0\u00bb sticky_transition=\u00a0\u00bbon\u00a0\u00bb sticky_enabled=\u00a0\u00bb0&Prime; body_letter_spacing=\u00a0\u00bb0.9px\u00a0\u00bb body_line_height=\u00a0\u00bb1.3em\u00a0\u00bb]<\/p>\n<p>Le petit d\u00e9jeuner est inclus dans le tarif<\/p>\n<p>Le Linge de lit et de toilette est compris dans le tarif<\/p>\n<p>La taxe de s\u00e9jour est de 0.70\u20ac par adulte et par nuit\u00e9e<strong><\/strong><\/p>\n<p>[\/et_pb_pricing_table][et_pb_pricing_table title=\u00a0\u00bbTarif du Gite\u00a0\u00bb subtitle=\u00a0\u00bbTarif \u00e0 la semaine\u00a0\u00bb sum=\u00a0\u00bbA partir de 200\u20ac\u00a0\u00bb bullet_color=\u00a0\u00bb#FFFFFF\u00a0\u00bb header_background_color=\u00a0\u00bbrgba(154,205,50,0.62)\u00a0\u00bb _builder_version=\u00a0\u00bb4.22.2&Prime; _module_preset=\u00a0\u00bbdefault\u00a0\u00bb header_text_color=\u00a0\u00bb#FFFFFF\u00a0\u00bb header_font_size=\u00a0\u00bb31px\u00a0\u00bb header_line_height=\u00a0\u00bb2em\u00a0\u00bb body_font_size=\u00a0\u00bb17px\u00a0\u00bb body_line_height=\u00a0\u00bb1.2em\u00a0\u00bb price_font_size=\u00a0\u00bb42px\u00a0\u00bb price_line_height=\u00a0\u00bb65px\u00a0\u00bb excluded_text_color=\u00a0\u00bb#FFFFFF\u00a0\u00bb background_color=\u00a0\u00bb#FFFFFF\u00a0\u00bb background_enable_color=\u00a0\u00bbon\u00a0\u00bb background_enable_image=\u00a0\u00bboff\u00a0\u00bb overflow-x=\u00a0\u00bbhidden\u00a0\u00bb overflow-y=\u00a0\u00bbhidden\u00a0\u00bb hover_enabled=\u00a0\u00bb0&Prime; overflow-x_tablet=\u00a0\u00bbhidden\u00a0\u00bb overflow-x_phone=\u00a0\u00bbhidden\u00a0\u00bb overflow-x_last_edited=\u00a0\u00bbon|desktop\u00a0\u00bb border_width_all=\u00a0\u00bb23px\u00a0\u00bb border_color_all=\u00a0\u00bbrgba(224,192,123,0.55)\u00a0\u00bb global_colors_info=\u00a0\u00bb{}\u00a0\u00bb sticky_transition=\u00a0\u00bbon\u00a0\u00bb sticky_enabled=\u00a0\u00bb0&Prime;]<\/p>\n<p>Le linge de lit est compris dans le tarif<\/p>\n<p>La taxe de s\u00e9jour est de 3% sur le montant total de la r\u00e9servation (soit environ 6\u20ac par semaine)<\/p>\n<p>Tarif d\u00e9gressif pour une location longue dur\u00e9e (nous contacter directement)<strong><\/strong><\/p>\n<p>[\/et_pb_pricing_table][\/et_pb_pricing_tables][\/et_pb_column][\/et_pb_row][\/et_pb_section]<\/p>\n","protected":false},"excerpt":{"rendered":"<p>Le petit d\u00e9jeuner est inclus dans le tarif Le Linge de lit et de toilette est compris dans le tarif La taxe de s\u00e9jour est de 0.70\u20ac par adulte et par nuit\u00e9eLe linge de lit est compris dans le tarif La taxe de s\u00e9jour est de 3% sur le montant total de la r\u00e9servation (soit [&hellip;]<\/p>\n","protected":false},"author":1,"featured_media":0,"parent":0,"menu_order":0,"comment_status":"closed","ping_status":"closed","template":"","meta":{"_et_pb_use_builder":"on","_et_pb_old_content":"","_et_gb_content_width":"","footnotes":""},"class_list":["post-14","page","type-page","status-publish","hentry"],"yoast_head":"<!-- This site is optimized with the Yoast SEO plugin v27.5 - https:\/\/yoast.com\/product\/yoast-seo-wordpress\/ -->\n<title>TARIFS - La Ferme du Coup de Pot<\/title>\n<meta name=\"robots\" content=\"index, follow, max-snippet:-1, max-image-preview:large, max-video-preview:-1\" \/>\n<link rel=\"canonical\" href=\"https:\/\/lafermeducoupdepot.fr\/index.php\/tarifs\/\" \/>\n<meta property=\"og:locale\" content=\"fr_FR\" \/>\n<meta property=\"og:type\" content=\"article\" \/>\n<meta property=\"og:title\" content=\"TARIFS - La Ferme du Coup de Pot\" \/>\n<meta property=\"og:description\" content=\"Le petit d\u00e9jeuner est inclus dans le tarif Le Linge de lit et de toilette est compris dans le tarif La taxe de s\u00e9jour est de 0.70\u20ac par adulte et par nuit\u00e9eLe linge de lit est compris dans le tarif La taxe de s\u00e9jour est de 3% sur le montant total de la r\u00e9servation (soit [&hellip;]\" \/>\n<meta property=\"og:url\" content=\"https:\/\/lafermeducoupdepot.fr\/index.php\/tarifs\/\" \/>\n<meta property=\"og:site_name\" content=\"La Ferme du Coup de Pot\" \/>\n<meta property=\"article:modified_time\" content=\"2023-10-20T12:05:30+00:00\" \/>\n<meta name=\"twitter:card\" content=\"summary_large_image\" \/>\n<script type=\"application\/ld+json\" class=\"yoast-schema-graph\">{\"@context\":\"https:\\\/\\\/schema.org\",\"@graph\":[{\"@type\":\"WebPage\",\"@id\":\"https:\\\/\\\/lafermeducoupdepot.fr\\\/index.php\\\/tarifs\\\/\",\"url\":\"https:\\\/\\\/lafermeducoupdepot.fr\\\/index.php\\\/tarifs\\\/\",\"name\":\"TARIFS - La Ferme du Coup de Pot\",\"isPartOf\":{\"@id\":\"https:\\\/\\\/lafermeducoupdepot.fr\\\/#website\"},\"datePublished\":\"2022-01-28T17:23:42+00:00\",\"dateModified\":\"2023-10-20T12:05:30+00:00\",\"breadcrumb\":{\"@id\":\"https:\\\/\\\/lafermeducoupdepot.fr\\\/index.php\\\/tarifs\\\/#breadcrumb\"},\"inLanguage\":\"fr-FR\",\"potentialAction\":[{\"@type\":\"ReadAction\",\"target\":[\"https:\\\/\\\/lafermeducoupdepot.fr\\\/index.php\\\/tarifs\\\/\"]}]},{\"@type\":\"BreadcrumbList\",\"@id\":\"https:\\\/\\\/lafermeducoupdepot.fr\\\/index.php\\\/tarifs\\\/#breadcrumb\",\"itemListElement\":[{\"@type\":\"ListItem\",\"position\":1,\"name\":\"Home\",\"item\":\"https:\\\/\\\/lafermeducoupdepot.fr\\\/\"},{\"@type\":\"ListItem\",\"position\":2,\"name\":\"TARIFS\"}]},{\"@type\":\"WebSite\",\"@id\":\"https:\\\/\\\/lafermeducoupdepot.fr\\\/#website\",\"url\":\"https:\\\/\\\/lafermeducoupdepot.fr\\\/\",\"name\":\"La Ferme du Coup de Pot\",\"description\":\"Chambres d&#039;H\u00f4tes et G\u00eete sur Morbecque\",\"potentialAction\":[{\"@type\":\"SearchAction\",\"target\":{\"@type\":\"EntryPoint\",\"urlTemplate\":\"https:\\\/\\\/lafermeducoupdepot.fr\\\/?s={search_term_string}\"},\"query-input\":{\"@type\":\"PropertyValueSpecification\",\"valueRequired\":true,\"valueName\":\"search_term_string\"}}],\"inLanguage\":\"fr-FR\"}]}<\/script>\n<!-- \/ Yoast SEO plugin. -->","yoast_head_json":{"title":"TARIFS - La Ferme du Coup de Pot","robots":{"index":"index","follow":"follow","max-snippet":"max-snippet:-1","max-image-preview":"max-image-preview:large","max-video-preview":"max-video-preview:-1"},"canonical":"https:\/\/lafermeducoupdepot.fr\/index.php\/tarifs\/","og_locale":"fr_FR","og_type":"article","og_title":"TARIFS - La Ferme du Coup de Pot","og_description":"Le petit d\u00e9jeuner est inclus dans le tarif Le Linge de lit et de toilette est compris dans le tarif La taxe de s\u00e9jour est de 0.70\u20ac par adulte et par nuit\u00e9eLe linge de lit est compris dans le tarif La taxe de s\u00e9jour est de 3% sur le montant total de la r\u00e9servation (soit [&hellip;]","og_url":"https:\/\/lafermeducoupdepot.fr\/index.php\/tarifs\/","og_site_name":"La Ferme du Coup de Pot","article_modified_time":"2023-10-20T12:05:30+00:00","twitter_card":"summary_large_image","schema":{"@context":"https:\/\/schema.org","@graph":[{"@type":"WebPage","@id":"https:\/\/lafermeducoupdepot.fr\/index.php\/tarifs\/","url":"https:\/\/lafermeducoupdepot.fr\/index.php\/tarifs\/","name":"TARIFS - La Ferme du Coup de Pot","isPartOf":{"@id":"https:\/\/lafermeducoupdepot.fr\/#website"},"datePublished":"2022-01-28T17:23:42+00:00","dateModified":"2023-10-20T12:05:30+00:00","breadcrumb":{"@id":"https:\/\/lafermeducoupdepot.fr\/index.php\/tarifs\/#breadcrumb"},"inLanguage":"fr-FR","potentialAction":[{"@type":"ReadAction","target":["https:\/\/lafermeducoupdepot.fr\/index.php\/tarifs\/"]}]},{"@type":"BreadcrumbList","@id":"https:\/\/lafermeducoupdepot.fr\/index.php\/tarifs\/#breadcrumb","itemListElement":[{"@type":"ListItem","position":1,"name":"Home","item":"https:\/\/lafermeducoupdepot.fr\/"},{"@type":"ListItem","position":2,"name":"TARIFS"}]},{"@type":"WebSite","@id":"https:\/\/lafermeducoupdepot.fr\/#website","url":"https:\/\/lafermeducoupdepot.fr\/","name":"La Ferme du Coup de Pot","description":"Chambres d&#039;H\u00f4tes et G\u00eete sur Morbecque","potentialAction":[{"@type":"SearchAction","target":{"@type":"EntryPoint","urlTemplate":"https:\/\/lafermeducoupdepot.fr\/?s={search_term_string}"},"query-input":{"@type":"PropertyValueSpecification","valueRequired":true,"valueName":"search_term_string"}}],"inLanguage":"fr-FR"}]}},"_links":{"self":[{"href":"https:\/\/lafermeducoupdepot.fr\/index.php\/wp-json\/wp\/v2\/pages\/14","targetHints":{"allow":["GET"]}}],"collection":[{"href":"https:\/\/lafermeducoupdepot.fr\/index.php\/wp-json\/wp\/v2\/pages"}],"about":[{"href":"https:\/\/lafermeducoupdepot.fr\/index.php\/wp-json\/wp\/v2\/types\/page"}],"author":[{"embeddable":true,"href":"https:\/\/lafermeducoupdepot.fr\/index.php\/wp-json\/wp\/v2\/users\/1"}],"replies":[{"embeddable":true,"href":"https:\/\/lafermeducoupdepot.fr\/index.php\/wp-json\/wp\/v2\/comments?post=14"}],"version-history":[{"count":23,"href":"https:\/\/lafermeducoupdepot.fr\/index.php\/wp-json\/wp\/v2\/pages\/14\/revisions"}],"predecessor-version":[{"id":356,"href":"https:\/\/lafermeducoupdepot.fr\/index.php\/wp-json\/wp\/v2\/pages\/14\/revisions\/356"}],"wp:attachment":[{"href":"https:\/\/lafermeducoupdepot.fr\/index.php\/wp-json\/wp\/v2\/media?parent=14"}],"curies":[{"name":"wp","href":"https:\/\/api.w.org\/{rel}","templated":true}]}}

<p>[et_pb_section fb_built= »1&Prime; custom_padding_last_edited= »on|desktop » admin_label= »section » _builder_version= »4.16&Prime; custom_padding_tablet= »50px|0|50px|0&Prime; custom_padding_phone= »50px|0|50px|0&Prime; transparent_background= »off » padding_mobile= »off » make_fullwidth= »off » use_custom_width= »off » width_unit= »off » custom_width_px= »1080px » custom_width_percent= »80% » global_colors_info= »{} »][et_pb_row padding_mobile= »off » column_padding_mobile= »on » admin_label= »row » _builder_version= »4.22.0&Prime; background_size= »initial » background_position= »top_left » background_repeat= »repeat » width= »67% » max_width= »67% » make_fullwidth= »off » use_custom_width= »on » width_unit= »off » custom_width_px= »1080px » custom_width_percent= »67% » global_colors_info= »{} »][et_pb_column type= »4_4&Prime; _builder_version= »4.22.0&Prime; custom_padding= »||| » global_colors_info= »{} » custom_padding__hover= »||| »][et_pb_pricing_tables disabled_on= »off|off|off » _builder_version= »4.22.2&Prime; _module_preset= »default » price_text_color= »#c8ad7f » body_line_height= »1em » price_font_size= »58px » price_line_height= »67px » hover_enabled= »0&Prime; body_font_size_tablet= » » body_font_size_phone= »6px » body_font_size_last_edited= »on|phone » global_colors_info= »{} » sticky_enabled= »0&Prime;][et_pb_pricing_table title= »Tarif Chambre d&rsquo;hôte » subtitle= »Tarif à la nuitée » sum= »60€ » bullet_color= »#FFFFFF » header_background_color= »rgba(154,205,50,0.62) » _builder_version= »4.22.2&Prime; _module_preset= »default » header_font_size= »31px » header_line_height= »2em » body_font_size= »17px » price_font_size= »42px » hover_enabled= »0&Prime; border_width_all= »18px » border_color_all= »rgba(224,192,123,0.55) » border_width_top= »19px » global_colors_info= »{} » sticky_transition= »on » sticky_enabled= »0&Prime; body_letter_spacing= »0.9px » body_line_height= »1.3em »]</p>
<p>Le petit déjeuner est inclus dans le tarif</p>
<p>Le Linge de lit et de toilette est compris dans le tarif</p>
<p>La taxe de séjour est de 0.70€ par adulte et par nuitée<strong></strong></p>
<p>[/et_pb_pricing_table][et_pb_pricing_table title= »Tarif du Gite » subtitle= »Tarif à la semaine » sum= »A partir de 200€ » bullet_color= »#FFFFFF » header_background_color= »rgba(154,205,50,0.62) » _builder_version= »4.22.2&Prime; _module_preset= »default » header_text_color= »#FFFFFF » header_font_size= »31px » header_line_height= »2em » body_font_size= »17px » body_line_height= »1.2em » price_font_size= »42px » price_line_height= »65px » excluded_text_color= »#FFFFFF » background_color= »#FFFFFF » background_enable_color= »on » background_enable_image= »off » overflow-x= »hidden » overflow-y= »hidden » hover_enabled= »0&Prime; overflow-x_tablet= »hidden » overflow-x_phone= »hidden » overflow-x_last_edited= »on|desktop » border_width_all= »23px » border_color_all= »rgba(224,192,123,0.55) » global_colors_info= »{} » sticky_transition= »on » sticky_enabled= »0&Prime;]</p>
<p>Le linge de lit est compris dans le tarif</p>
<p>La taxe de séjour est de 3% sur le montant total de la réservation (soit environ 6€ par semaine)</p>
<p>Tarif dégressif pour une location longue durée (nous contacter directement)<strong></strong></p>
<p>[/et_pb_pricing_table][/et_pb_pricing_tables][/et_pb_column][/et_pb_row][/et_pb_section]</p>

<p>Le petit déjeuner est inclus dans le tarif Le Linge de lit et de toilette est compris dans le tarif La taxe de séjour est de 0.70€ par adulte et par nuitéeLe linge de lit est compris dans le tarif La taxe de séjour est de 3% sur le montant total de la réservation (soit [&hellip;]</p>

<!-- This site is optimized with the Yoast SEO plugin v27.5 - https://yoast.com/product/yoast-seo-wordpress/ -->
<title>TARIFS - La Ferme du Coup de Pot</title>
<meta name="robots" content="index, follow, max-snippet:-1, max-image-preview:large, max-video-preview:-1" />
<link rel="canonical" href="https://lafermeducoupdepot.fr/index.php/tarifs/" />
<meta property="og:locale" content="fr_FR" />
<meta property="og:type" content="article" />
<meta property="og:title" content="TARIFS - La Ferme du Coup de Pot" />
<meta property="og:description" content="Le petit déjeuner est inclus dans le tarif Le Linge de lit et de toilette est compris dans le tarif La taxe de séjour est de 0.70€ par adulte et par nuitéeLe linge de lit est compris dans le tarif La taxe de séjour est de 3% sur le montant total de la réservation (soit [&hellip;]" />
<meta property="og:url" content="https://lafermeducoupdepot.fr/index.php/tarifs/" />
<meta property="og:site_name" content="La Ferme du Coup de Pot" />
<meta property="article:modified_time" content="2023-10-20T12:05:30+00:00" />
<meta name="twitter:card" content="summary_large_image" />
<script type="application/ld+json" class="yoast-schema-graph">{"@context":"https:\/\/schema.org","@graph":[{"@type":"WebPage","@id":"https:\/\/lafermeducoupdepot.fr\/index.php\/tarifs\/","url":"https:\/\/lafermeducoupdepot.fr\/index.php\/tarifs\/","name":"TARIFS - La Ferme du Coup de Pot","isPartOf":{"@id":"https:\/\/lafermeducoupdepot.fr\/#website"},"datePublished":"2022-01-28T17:23:42+00:00","dateModified":"2023-10-20T12:05:30+00:00","breadcrumb":{"@id":"https:\/\/lafermeducoupdepot.fr\/index.php\/tarifs\/#breadcrumb"},"inLanguage":"fr-FR","potentialAction":[{"@type":"ReadAction","target":["https:\/\/lafermeducoupdepot.fr\/index.php\/tarifs\/"]}]},{"@type":"BreadcrumbList","@id":"https:\/\/lafermeducoupdepot.fr\/index.php\/tarifs\/#breadcrumb","itemListElement":[{"@type":"ListItem","position":1,"name":"Home","item":"https:\/\/lafermeducoupdepot.fr\/"},{"@type":"ListItem","position":2,"name":"TARIFS"}]},{"@type":"WebSite","@id":"https:\/\/lafermeducoupdepot.fr\/#website","url":"https:\/\/lafermeducoupdepot.fr\/","name":"La Ferme du Coup de Pot","description":"Chambres d&#039;Hôtes et Gîte sur Morbecque","potentialAction":[{"@type":"SearchAction","target":{"@type":"EntryPoint","urlTemplate":"https:\/\/lafermeducoupdepot.fr\/?s={search_term_string}"},"query-input":{"@type":"PropertyValueSpecification","valueRequired":true,"valueName":"search_term_string"}}],"inLanguage":"fr-FR"}]}</script>
<!-- / Yoast SEO plugin. -->

Le petit déjeuner est inclus dans le tarif Le Linge de lit et de toilette est compris dans le tarif La taxe de séjour est de 0.70€ par adulte et par nuitéeLe linge de lit est compris dans le tarif La taxe de séjour est de 3% sur le montant total de la réservation (soit [&hellip;]

Chambres d&#039;Hôtes et Gîte sur Morbecque
